{"id":11,"date":"2015-04-15T23:48:05","date_gmt":"2015-04-15T21:48:05","guid":{"rendered":"https:\/\/casualit.ch\/?page_id=11"},"modified":"2021-01-27T09:46:27","modified_gmt":"2021-01-27T08:46:27","slug":"it-dienstleistung","status":"publish","type":"page","link":"https:\/\/casualit.ch\/","title":{"rendered":"IT \/ ICT Dienstleistung"},"content":{"rendered":"\n<p>Viel zu tun? Not am Mann? Sie ben\u00f6tigen Verst\u00e4rkung?<\/p>\n\n\n\n<p>Dann melden Sie sich bei uns! Gerne unterst\u00fctzen wir Sie entsprechend ihren Bed\u00fcrfnissen in ihren IT- oder Telekommunikationsvorhaben.<br>Wir bieten ihnen qualifizierte und erfahrene Ressourcen in den Bereichen<\/p>\n\n\n\n<ul><li>Projektleitung<\/li><li>Konzeption<\/li><li>Business Analyse<\/li><li>Requirements Engineering<\/li><li>SAFe, Scrum<\/li><\/ul>\n\n\n\n<p>Wir bringen grosse Erfahrung aus verschiedensten Branchen in der IT und im Mobilfunk mit. Dies erm\u00f6glicht uns, viele verschiedene Sichtweisen in ihre Vorhaben einzubringen und mit unterschiedlichen Ans\u00e4tzen zum Erfolg beizutragen.<\/p>\n\n\n\n<p>Unsere Mitarbeiter \u00fcberzeugen durch Sozialkompetenz, Vermittlungsgeschick, Motivation und \u00dcberzeugungskraft. Wir sind der festen \u00dcberzeugung, dass neben der n\u00f6tigen Fachkompetenz vor allem, auch zwischenmenschliche Komponenten zentral f\u00fcr die erfolgreiche Durchf\u00fchrung ihrer Vorhaben sind.<\/p>\n\n\n\n<p>Wir w\u00fcrden uns freuen von Ihnen zu h\u00f6ren!<\/p>\n\n\n\n<p><a href=\"https:\/\/casualit.ch\/?page_id=229\">Lernen Sie uns kennen und lesen Sie unsere Kurzprofile. <\/a><\/p>\n","protected":false},"excerpt":{"rendered":"<p>Viel zu tun? Not am Mann? Sie ben\u00f6tigen Verst\u00e4rkung? Dann melden Sie sich bei uns! <\/p>\n","protected":false},"author":1,"featured_media":52,"parent":0,"menu_order":0,"comment_status":"closed","ping_status":"closed","template":"","meta":{"footnotes":""},"_links":{"self":[{"href":"https:\/\/casualit.ch\/index.php?rest_route=\/wp\/v2\/pages\/11"}],"collection":[{"href":"https:\/\/casualit.ch\/index.php?rest_route=\/wp\/v2\/pages"}],"about":[{"href":"https:\/\/casualit.ch\/index.php?rest_route=\/wp\/v2\/types\/page"}],"author":[{"embeddable":true,"href":"https:\/\/casualit.ch\/index.php?rest_route=\/wp\/v2\/users\/1"}],"replies":[{"embeddable":true,"href":"https:\/\/casualit.ch\/index.php?rest_route=%2Fwp%2Fv2%2Fcomments&post=11"}],"version-history":[{"count":17,"href":"https:\/\/casualit.ch\/index.php?rest_route=\/wp\/v2\/pages\/11\/revisions"}],"predecessor-version":[{"id":272,"href":"https:\/\/casualit.ch\/index.php?rest_route=\/wp\/v2\/pages\/11\/revisions\/272"}],"wp:featuredmedia":[{"embeddable":true,"href":"https:\/\/casualit.ch\/index.php?rest_route=\/wp\/v2\/media\/52"}],"wp:attachment":[{"href":"https:\/\/casualit.ch\/index.php?rest_route=%2Fwp%2Fv2%2Fmedia&parent=11"}],"curies":[{"name":"wp","href":"https:\/\/api.w.org\/{rel}","templated":true}]}}